at is 131 + (17 + 50 + -45 - 48)?
105
-12 - (8 - (5 + -19 + -11 + -18))
-63
Evaluate -2 + -15 + 1 - (-2 - 67).
53
Calculate 404 - 362 - (0 + 1 + 7).
34
What is 52 + -19 + 0 + 16 + 6 + -6 + 8?
57
What is -9 - (3 - 1) - 1 - -20?
8
Evaluate (-7 + 5 - (20 - 29) - -45) + 0.
52
Evaluate (2 - 9) + (-8 - (-109 - -2 - -13)).
79
What is the value of (-33 - -23) + (30 + 1 - -35)?
56
21 + 31 + -9 + 8 + -11
40
What is -1 + (3 - 3 - -4) + 3 + (234 - 192)?
48
-2 + 53 + -46 + 1 + 11 - -6
23
Evaluate -100 - (5 - (-8 - (-7 - 27 - -22))).
-101
What is the value of 1465 + -1474 - (0 - (-1 + 3)) - -18?
11
What is 4 + -2 + -593 + 564?
-27
Calculate (-4 - -15) + (-66 - (-15 + -45)) + -150.
-145
Calculate 92 - (-59 - (-165 + 20)).
6
What is the value of -28 + 19 + (-1 + (-5 - 18) - -12)?
-21
Calculate 51 - (59 - 42) - -27.
61
What is the value of (8 - -7) + 18 + -5 + -29?
-1
What is the value of 72 + 0 + (-1337 - -1198)?
-67
What is 1 + (-2 + 43 - 0) + (1603 - 1603)?
42
Calculate -53 + (0 - 0) + 19 + -34 + 12.
-56
What is the value of (144 - 2) + (-61 - (27 + -30 + -50))?
134
Evaluate -1 + (17 - 32) + -3 + 8 - -35.
24
What is the value of (-59 - -56 - 58) + 53 - (-22 + 0)?
14
What is the value of -101 - -3 - (8 + -38 - -33 - 21)?
-80
What is the value of -61 + (-1 - 1) + (1 - (3 - 22 - -14))?
-57
Evaluate -28 - (-43 - (-44 - 18)).
-47
What is -18 + 1 + -6 + -141 + 132?
-32
What is -5 + -9 + 13 + 17 - (25 + (28 - 14))?
-23
Calculate 9 - (1884 - 1849 - (0 - (-16 + 2))) - 27.
-39
What is -6 - (-6 + 1 + 6 + (-7 - -49))?
-49
What is 55 + (-1 - -4 - (93 + -70))?
35
What is 590 + -608 + 85 + (3 - 6) - -14?
78
What is -6 - (5 + (-20 - (2 - 12)) + -8)?
7
What is the value of (-1 - -13) + (429 - 435) + 39?
45
What is the value of (-18 + 3 - -2) + -86 + 52 + 47?
0
Calculate (-16 + 13 - 12) + 34 + (-5 - 2).
12
(11 - -7 - -9) + -11 + 60 - -4
80
-1 - (33 + -57 - -35 - (2 + -4 + 14))
0
What is (2 + (-18 - -4) + 5 - 0 - 2) + 25?
16
6 - (-213 + 115) - 54
50
13 - (402 - 392 - (-59 - -1))
-55
Calculate -26 - (-4 + 0) - (-35 + -5 - -49).
-31
What is the value of (0 + (5 - 114) + 17 - -7) + 13?
-72
What is the value of 25 + 31 + 11 + -26 - -1?
42
Evaluate -6 - (-4 + -1 + 25 - (38 + -8 + -18)).
-14
What is 83 - ((54 - -29) + 60)?
-60
What is the value of (2 - (-36 + (20 - 20))) + -31 + (-97 - -1)?
-89
What is the value of (-125 - -86) + 34 + (-1 - 106)?
-112
Calculate 179 + (-46 - 36) - (16 + -1).
82
Evaluate (16 - -28) + -26 + (10 + 63 - 3).
88
Calculate -129 + (107 - 96) + (5 - 5 - -12).
-106
What is the value of -108 - (-27 - (-16 + (1 - -15) + -12))?
-93
What is (-101 - -20 - 57) + 70?
-68
Calculate 31 + 8 + (9 - 8) + -3 + 4 + -4.
37
(2 - -2) + 20 - (629 - 613)
8
(-3 - (-23 - (-9 + -20))) + 22
13
Evaluate (5 - (23 - -12) - 29) + 6.
-53
What is -4 - ((1 - 6 - -2 - -6) + 6 - 9)?
-4
Evaluate -6 - -8 - 3 - (-12 + 78 + -13).
-54
-76 + 17 + -21 - (-5 + 6 + -2)
-79
Evaluate (-110 - -104) + 13 + (8 - (2 + 12 - 8)).
9
Calculate 23 - (42 - (19 - -29)) - (-14 - 2).
45
Evaluate (56 - (2 + -10)) + 13 + -32.
45
Calculate (71 - (-1 + 1)) + (7 - (-61 - -75)).
64
Calculate 90 + -40 + -6 - 75.
-31
What is the value of 5 - (1 - (-6 + 2) - (-9 - -7 - 6))?
-8
Calculate (-23 - -100) + -241 + 101.
-63
Evaluate 50 + (172 - 112) + -94.
16
116 + -97 + (95 - 73)
41
-1 + (-29 + 27 - (-4 - -1 - 24))
24
-1 - -3 - 132 - (-62 + 14 + -3 + 48)
-127
What is -90 - (-206 + 29 - 30)?
117
1 + -4 + -4 + 8 + 15 + -34
-18
58 + (31 - (38 + -13)) + 13
77
Calculate (-6 - (14 + -20)) + (9 + -9 - 7).
-7
What is -306 + 355 - (62 + 7)?
-20
Evaluate (-70 - (-102 + 114)) + 235.
153
What is the value of 69 + -7 + -65 + -11?
-14
Evaluate -11 - (-30 - (3 + -9 + -8 + 20)).
25
What is the value of 22 + -1 - (39 + -8 + -11 - 8)?
9
What is the value of -36 + (-57 - -27 - -54)?
-12
What is (-7 - -1) + 51 + -32 + 27 + -14?
26
Calculate 12 - ((-19 - -3) + 15 + -18 + 7).
24
(-5 + (-8 - (5 + 38)) - (4 - 0)) + 2
-58
Calculate -52 + 0 - (-80 - -105).
-77
Evaluate 2 + 39 + -7426 + 7348.
-37
Evaluate 15 + (85 - (-22 - -154)).
-32
Evaluate 120 + -218 + -59 + 133.
-24
Evaluate -41 + -38 + (175 - 90).
6
Calculate -5 + 4 + -8 + -29 - (132 + -121).
-49
-16 + (5 - 6) - (242 + -227)
-32
-6 + 0 - (40 - (9 + -39 + 53))
-23
Evaluate (10 - 0 - (5 + 3 + 44)) + -2.
-44
Calculate -7 + -38 + -12 + -33 + 64.
-26
34 + (-5 - 8) + (21 - (26 - 13))
29
16 + 2 + -3 + (235 - 200) - 11
39
What is 6 + (-7 + 3 - (8 + -17)) + -3 + 4?
12
What is 25 + -28 + 28 + 29?
54
What is the value of -65 - (26 + 6 - 54) - -164?
121
What is (-13 - 1) + (-12 - -8 - (-10 + 16))?
-24
Calculate -6 + (-3 - -5) + (2 - 0) - (459 + -436).
-25
Evaluate 66 - 230 - -62 - -73.
-29
What is 25 + 30 + -2 - (25 + -44)?
72
What is (19 + -8 - 16 - 2) + -25 + 18?
-14
Calculate -1071 - -1162 - (3 - (4 + -1 + 10)).
101
Calculate -3 - (-1 + (27 + -7 + -8 - 6)).
-8
What is -1048 + 1074 + (-61 - 1)?
-36
Evaluate 13 + -62 + -4 - (92 + -53).
-92
105 - 1 - (-8 - (-375 + 353))
90
What is (-71 - -234 - 118) + (3 - 1 - -6 - -2)?
55
What is 24 - (-7 + -10 - -65)?
-24
-84 + (-5 - -10) + -23 + 3 + 15
-84
What is 27 + -25 + 5 + 3 + -12 + 2?
0
Evaluate -49 + 48 + (5 - -4) - -17.
25
Calculate (-552 - -619) + -9 + 38.
96
Evaluate (719 - 776) + (2 - (4 + -2 - 13)).
-44
-26 - 0 - ((108 - 102) + -22)
-10
Calculate 27 + -53 + 55 - (0 + -10).
39
What is -28 - (2 + -6 + -28)?
4
What is the value of 214 + -198 + (-12 + 5 + 3 - 7)?
5
Evaluate -16 + -7 + 5 - (36 + 0) - -17.
-37
What is (10 - -3) + -9 + 6 + -49 + -7?
-46
What is the value of -143 - -149 - (-7 + (0 - -16) + 6)?
-9
What is the value of (4 - (10 - (25 + -12 + 12))) + -7?
12
What is the value of (-102 - (15 - 131)) + 60 + (0 + 0 - 2)?
72
What is the value of -23 + 11 + (-10 - 14 - -28) - -145?
137
What is the value of 19 + -34 + 9 + 3 + (53 - (-4 - -1))?
53
What is 5 - 0 - (1 + (7 - -27 - (5 + 2)))?
-23
Calculate 138 + 8 + -7 + (2 - 2) - (0 + 7).
132
Evaluate (2431 - 2428) + 4 + (0 - 55) + -1.
-49
What is the value of -16 + -2 + (7654 - 7685)?
-49
What is 10 + 50 + -13 - (4 - 7 - -5) - 10?
35
What is -92 + -4 + (57 - (41 - 0)) - -6?
-74
Calculate (-2 - 0) + -12 - ((-22 + 107 - 28) + -99).
28
Calculate 4 - ((48 - -4) + -43 - (3 - (-3 + -4))).
5
What is the value of 18 + -22 + 49 + -32 + 18?
31
What is the value of -22 - 0 - (2 + -8 + (13 - (48 + -36)))?
-17
What is (19 - (29 - 17)) + (-31 - -8)?
-16
-55 + (137 - 78) + -120
-116
What is 233 + -177 + (4 - (-3 + (-3 - 1)))?
67
What is the value of 17 - (-40 + -105 + 224)?
-62
What is the value of -2 - ((-3 - 17) + (39 - 30)) - (9 + -8)?
8
1 + 1 + 43 + 11220 + -11414
-149
Evaluate 2 - (-2 + 2) - (-493 - -497) - -87.
85
What is the value of -45 - -86 - (-19 - -8)?
52
What is 94 + (-40 - -47) + -33?
68
10 + -2 + (-96 - (-142 - -160))
-106
Evaluate 61 + (40 - 131) + -3 + 36.
3
What is the value of 5 + -80 + (-51 - -106)?
-20
Evaluate (-89 + 302 - 134) + -47.
32
Calculate 22 + (-12 - -3) + -4 + (110 - 100).
19
Calculate (0 + -3 + -36 - (2 + -4)) + -2319 + 2309.
-47
Calculate -97 + 35 + -4 + (50 - 93).
-109
What is the value of 4 + -1 + -29 + 4 + 0 - (21 + -14)?
-29
-78 + 77 - (1 - 15) - 26 - -39
26
What is the value of 193 - 214 - ((-21 - 1) + (-32 - -32))?
1
Evaluate (-16 - -2 - -51) + 9 + -19 + 8.
35
What is the value of -6 - (26 + -23) - 17 - -27?
1
Evaluate 11 + (1 - -13 - (-28 - -42)) + 14 - -4.
29
Evaluate (39 - -1) + 67 + -25.
82
-115 + (-65 - -161) - (-4 + (-1 + 0 - -4))
-18
-11 - (25 + -8) - -8
-20
Evaluate (-47 - -39) + (-1 - (-19 + 11)).
-1
Evaluate 81 + 7 - 10 - (18 + -33 + (7 - -3)).
83
What is -16 - (-13 - 6) - -3 - (-2 + 4)?
4
Evaluate -39 + (-36 - -5 - -5 - -40).
-25
What is (105 - (15 - 20 - 4)) + -8 - 14?
92
What is the value of -18 - (2 + 14 - 17 - -17)?
-34
What is 38 + (64 - (-43 + 97))?
48
What is the value of (11 - 5) + -67 - (10 - 9) - (67 + -51)?
-78
Evaluate 87 + -82 + -23 + -104.
-122
Evaluate -47 + 33 + 3 + -15 + 47.
21
What is 7 - (4 + (-9 - 3)) - (36 - 36)?
15
Calculate 0 + 98 - (-47 - (-25 + 15) - (6 - 35)).
106
(11 - 151) + 6 + 1 + 17 - -13
-103
What is (-1 - -2) + (1 - 25 - -17) + -3?
-9
What is the value of -1 + 30 - (5 - (-15 + -8 - -36))?
37
What is the value of -71 - (-20 + 59) - -186?
76
Calculate 101 + (-26 - 101) + -2 + 25.
-3
-781 - -684 - (-66 - 2)
-29
What is 0 - -3 - (8 + 4 + 6 + 0 - 